{"id":55,"date":"2025-01-19T12:43:14","date_gmt":"2025-01-19T11:43:14","guid":{"rendered":"https:\/\/formateiendom.no\/klokkertunet\/?page_id=55"},"modified":"2025-04-03T10:12:07","modified_gmt":"2025-04-03T08:12:07","slug":"om-prosjektet","status":"publish","type":"page","link":"https:\/\/formateiendom.no\/klokkertunet\/om-prosjektet\/","title":{"rendered":"Om prosjektet"},"content":{"rendered":"\t\t<div data-elementor-type=\"wp-page\" data-elementor-id=\"55\" class=\"elementor elementor-55\" data-elementor-post-type=\"page\">\n\t\t\t\t\t\t<section class=\"elementor-section elementor-top-section elementor-element elementor-element-50f80fa2 elementor-section-boxed elementor-section-height-default elementor-section-height-default\" data-id=\"50f80fa2\" data-element_type=\"section\" data-e-type=\"section\" data-settings=\"{&quot;background_background&quot;:&quot;classic&quot;}\">\n\t\t\t\t\t\t\t<div class=\"elementor-background-overlay\"><\/div>\n\t\t\t\t\t\t\t<div class=\"elementor-container elementor-column-gap-default\">\n\t\t\t\t\t<div class=\"elementor-column elementor-col-100 elementor-top-column elementor-element elementor-element-6b93b2a8\" data-id=\"6b93b2a8\" data-element_type=\"column\" data-e-type=\"column\">\n\t\t\t<div class=\"elementor-widget-wrap elementor-element-populated\">\n\t\t\t\t\t\t<div class=\"elementor-element elementor-element-1884cd08 elementor-widget elementor-widget-heading\" data-id=\"1884cd08\" data-element_type=\"widget\" data-e-type=\"widget\" data-widget_type=\"heading.default\">\n\t\t\t\t<div class=\"elementor-widget-container\">\n\t\t\t\t\t<h2 class=\"elementor-heading-title elementor-size-default\">Omr\u00e5det<\/h2>\t\t\t\t<\/div>\n\t\t\t\t<\/div>\n\t\t\t\t<div class=\"elementor-element elementor-element-4d3b3b6d elementor-widget-divider--view-line elementor-widget elementor-widget-divider\" data-id=\"4d3b3b6d\" data-element_type=\"widget\" data-e-type=\"widget\" data-widget_type=\"divider.default\">\n\t\t\t\t<div class=\"elementor-widget-container\">\n\t\t\t\t\t\t\t<div class=\"elementor-divider\">\n\t\t\t<span class=\"elementor-divider-separator\">\n\t\t\t\t\t\t<\/span>\n\t\t<\/div>\n\t\t\t\t\t\t<\/div>\n\t\t\t\t<\/div>\n\t\t\t\t\t<\/div>\n\t\t<\/div>\n\t\t\t\t\t<\/div>\n\t\t<\/section>\n\t\t\t\t<section class=\"elementor-section elementor-top-section elementor-element elementor-element-631719db elementor-section-boxed elementor-section-height-default elementor-section-height-default\" data-id=\"631719db\" data-element_type=\"section\" data-e-type=\"section\">\n\t\t\t\t\t\t<div class=\"elementor-container elementor-column-gap-default\">\n\t\t\t\t\t<div class=\"elementor-column elementor-col-100 elementor-top-column elementor-element elementor-element-19fe7448\" data-id=\"19fe7448\" data-element_type=\"column\" data-e-type=\"column\">\n\t\t\t<div class=\"elementor-widget-wrap elementor-element-populated\">\n\t\t\t\t\t\t<div class=\"elementor-element elementor-element-405ffd89 elementor-widget elementor-widget-heading\" data-id=\"405ffd89\" data-element_type=\"widget\" data-e-type=\"widget\" data-widget_type=\"heading.default\">\n\t\t\t\t<div class=\"elementor-widget-container\">\n\t\t\t\t\t<h2 class=\"elementor-heading-title elementor-size-default\">Klokkertunet - Andebu Sentrum <br>Salget er i gang!<\/h2>\t\t\t\t<\/div>\n\t\t\t\t<\/div>\n\t\t\t\t<div class=\"elementor-element elementor-element-2c8e4988 elementor-widget-divider--view-line elementor-widget elementor-widget-divider\" data-id=\"2c8e4988\" data-element_type=\"widget\" data-e-type=\"widget\" data-widget_type=\"divider.default\">\n\t\t\t\t<div class=\"elementor-widget-container\">\n\t\t\t\t\t\t\t<div class=\"elementor-divider\">\n\t\t\t<span class=\"elementor-divider-separator\">\n\t\t\t\t\t\t<\/span>\n\t\t<\/div>\n\t\t\t\t\t\t<\/div>\n\t\t\t\t<\/div>\n\t\t\t\t\t<\/div>\n\t\t<\/div>\n\t\t\t\t\t<\/div>\n\t\t<\/section>\n\t\t\t\t<section class=\"elementor-section elementor-top-section elementor-element elementor-element-7f301a86 elementor-section-boxed elementor-section-height-default elementor-section-height-default\" data-id=\"7f301a86\" data-element_type=\"section\" data-e-type=\"section\">\n\t\t\t\t\t\t<div class=\"elementor-container elementor-column-gap-default\">\n\t\t\t\t\t<div class=\"elementor-column elementor-col-50 elementor-top-column elementor-element elementor-element-6f8646a1\" data-id=\"6f8646a1\" data-element_type=\"column\" data-e-type=\"column\">\n\t\t\t<div class=\"elementor-widget-wrap elementor-element-populated\">\n\t\t\t\t\t\t<div class=\"elementor-element elementor-element-519c7a10 elementor-widget elementor-widget-text-editor\" data-id=\"519c7a10\" data-element_type=\"widget\" data-e-type=\"widget\" data-widget_type=\"text-editor.default\">\n\t\t\t\t<div class=\"elementor-widget-container\">\n\t\t\t\t\t\t\t\t\t<p>Klokkertunet blir et helt nytt og spennende bolig- og n\u00e6ringsomr\u00e5de midt i hjertet av Andebu sentrum. Omkringliggende bebyggelse best\u00e5r av eneboliger, leiligheter, kontorer og forretninger. Kiwi, Meny, bibliotek, apotek, skole og omsorgssenter med kaf\u00e9 ligger i umiddelbar n\u00e6rhet.&nbsp;<\/p>\n<p>Med et tomteareal p\u00e5 26 m\u00e5l, regulert for b\u00e5de bolig og n\u00e6ring, skal dette omr\u00e5det utvikles til \u00e5 bli en levende og attraktiv del av sentrum. Vi starter n\u00e5 med byggetrinn 1, som best\u00e5r av 24 moderne og lettstelte leiligheter \u2013 en perfekt mulighet for deg som \u00f8nsker en sentrumsn\u00e6r og komfortabel bolig!<\/p>\t\t\t\t\t\t\t\t<\/div>\n\t\t\t\t<\/div>\n\t\t\t\t\t<\/div>\n\t\t<\/div>\n\t\t\t\t<div class=\"elementor-column elementor-col-50 elementor-top-column elementor-element elementor-element-4532fc37\" data-id=\"4532fc37\" data-element_type=\"column\" data-e-type=\"column\">\n\t\t\t<div class=\"elementor-widget-wrap elementor-element-populated\">\n\t\t\t\t\t\t<div class=\"elementor-element elementor-element-2ee17c7d elementor-widget elementor-widget-image\" data-id=\"2ee17c7d\" data-element_type=\"widget\" data-e-type=\"widget\" data-widget_type=\"image.default\">\n\t\t\t\t<div class=\"elementor-widget-container\">\n\t\t\t\t\t\t\t\t\t\t\t\t\t\t\t<img decoding=\"async\" src=\"https:\/\/formateiendom.no\/klokkertunet\/wp-content\/uploads\/sites\/33\/elementor\/thumbs\/Klokkertunet_EXT_01-scaled-r2ua7cwirendc30xjonjvknxlvw1g5wao7h1s59ktc.jpg\" title=\"Klokkertunet_EXT_01\" alt=\"Klokkertunet_EXT_01\" loading=\"lazy\" \/>\t\t\t\t\t\t\t\t\t\t\t\t\t\t\t<\/div>\n\t\t\t\t<\/div>\n\t\t\t\t\t<\/div>\n\t\t<\/div>\n\t\t\t\t\t<\/div>\n\t\t<\/section>\n\t\t\t\t<section class=\"elementor-section elementor-top-section elementor-element elementor-element-5f2e7dca elementor-section-boxed elementor-section-height-default elementor-section-height-default\" data-id=\"5f2e7dca\" data-element_type=\"section\" data-e-type=\"section\">\n\t\t\t\t\t\t<div class=\"elementor-container elementor-column-gap-default\">\n\t\t\t\t\t<div class=\"elementor-column elementor-col-100 elementor-top-column elementor-element elementor-element-38fd3a23\" data-id=\"38fd3a23\" data-element_type=\"column\" data-e-type=\"column\">\n\t\t\t<div class=\"elementor-widget-wrap\">\n\t\t\t\t\t\t\t<\/div>\n\t\t<\/div>\n\t\t\t\t\t<\/div>\n\t\t<\/section>\n\t\t\t\t<section class=\"elementor-section elementor-top-section elementor-element elementor-element-3f61aa37 elementor-section-boxed elementor-section-height-default elementor-section-height-default\" data-id=\"3f61aa37\" data-element_type=\"section\" data-e-type=\"section\">\n\t\t\t\t\t\t<div class=\"elementor-container elementor-column-gap-default\">\n\t\t\t\t\t<div class=\"elementor-column elementor-col-100 elementor-top-column elementor-element elementor-element-2d1c4d2b\" data-id=\"2d1c4d2b\" data-element_type=\"column\" data-e-type=\"column\">\n\t\t\t<div class=\"elementor-widget-wrap elementor-element-populated\">\n\t\t\t\t\t\t<div class=\"elementor-element elementor-element-415af55c elementor-widget elementor-widget-heading\" data-id=\"415af55c\" data-element_type=\"widget\" data-e-type=\"widget\" data-widget_type=\"heading.default\">\n\t\t\t\t<div class=\"elementor-widget-container\">\n\t\t\t\t\t<h2 class=\"elementor-heading-title elementor-size-default\">Bo sentralt, men landlig<\/h2>\t\t\t\t<\/div>\n\t\t\t\t<\/div>\n\t\t\t\t<div class=\"elementor-element elementor-element-3173f203 elementor-widget-divider--view-line elementor-widget elementor-widget-divider\" data-id=\"3173f203\" data-element_type=\"widget\" data-e-type=\"widget\" data-widget_type=\"divider.default\">\n\t\t\t\t<div class=\"elementor-widget-container\">\n\t\t\t\t\t\t\t<div class=\"elementor-divider\">\n\t\t\t<span class=\"elementor-divider-separator\">\n\t\t\t\t\t\t<\/span>\n\t\t<\/div>\n\t\t\t\t\t\t<\/div>\n\t\t\t\t<\/div>\n\t\t\t\t<div class=\"elementor-element elementor-element-611cef2a elementor-widget elementor-widget-gallery\" data-id=\"611cef2a\" data-element_type=\"widget\" data-e-type=\"widget\" data-settings=\"{&quot;gallery_layout&quot;:&quot;justified&quot;,&quot;ideal_row_height&quot;:{&quot;unit&quot;:&quot;px&quot;,&quot;size&quot;:&quot;400&quot;,&quot;sizes&quot;:[]},&quot;ideal_row_height_mobile&quot;:{&quot;unit&quot;:&quot;px&quot;,&quot;size&quot;:&quot;175&quot;,&quot;sizes&quot;:[]},&quot;lazyload&quot;:&quot;yes&quot;,&quot;ideal_row_height_tablet&quot;:{&quot;unit&quot;:&quot;px&quot;,&quot;size&quot;:150,&quot;sizes&quot;:[]},&quot;gap&quot;:{&quot;unit&quot;:&quot;px&quot;,&quot;size&quot;:10,&quot;sizes&quot;:[]},&quot;gap_tablet&quot;:{&quot;unit&quot;:&quot;px&quot;,&quot;size&quot;:10,&quot;sizes&quot;:[]},&quot;gap_mobile&quot;:{&quot;unit&quot;:&quot;px&quot;,&quot;size&quot;:10,&quot;sizes&quot;:[]},&quot;content_hover_animation&quot;:&quot;fade-in&quot;}\" data-widget_type=\"gallery.default\">\n\t\t\t\t<div class=\"elementor-widget-container\">\n\t\t\t\t\t\t\t<div class=\"elementor-gallery__container\">\n\t\t\t\t\t\t\t<div class=\"e-gallery-item elementor-gallery-item elementor-animated-content\">\n\t\t\t\t\t<div class=\"e-gallery-image elementor-gallery-item__image\" data-thumbnail=\"https:\/\/formateiendom.no\/klokkertunet\/wp-content\/uploads\/sites\/33\/2025\/03\/Klokkertunet_EXT_01-2048x1366.jpg\" data-width=\"2048\" data-height=\"1366\" aria-label=\"\" role=\"img\" ><\/div>\n\t\t\t\t\t\t\t\t\t\t\t\t\t\t<\/div>\n\t\t\t\t\t\t\t<div class=\"e-gallery-item elementor-gallery-item elementor-animated-content\">\n\t\t\t\t\t<div class=\"e-gallery-image elementor-gallery-item__image\" data-thumbnail=\"https:\/\/formateiendom.no\/klokkertunet\/wp-content\/uploads\/sites\/33\/2025\/03\/Klokkertunet_EXT_02-2048x1152.jpg\" data-width=\"2048\" data-height=\"1152\" aria-label=\"\" role=\"img\" ><\/div>\n\t\t\t\t\t\t\t\t\t\t\t\t\t\t<\/div>\n\t\t\t\t\t<\/div>\n\t\t\t\t\t<\/div>\n\t\t\t\t<\/div>\n\t\t\t\t\t<\/div>\n\t\t<\/div>\n\t\t\t\t\t<\/div>\n\t\t<\/section>\n\t\t\t\t<section class=\"elementor-section elementor-top-section elementor-element elementor-element-1ddcab05 elementor-section-boxed elementor-section-height-default elementor-section-height-default\" data-id=\"1ddcab05\" data-element_type=\"section\" data-e-type=\"section\">\n\t\t\t\t\t\t<div class=\"elementor-container elementor-column-gap-default\">\n\t\t\t\t\t<div class=\"elementor-column elementor-col-100 elementor-top-column elementor-element elementor-element-57b0e7b9\" data-id=\"57b0e7b9\" data-element_type=\"column\" data-e-type=\"column\">\n\t\t\t<div class=\"elementor-widget-wrap elementor-element-populated\">\n\t\t\t\t\t\t<div class=\"elementor-element elementor-element-d59349a elementor-widget elementor-widget-heading\" data-id=\"d59349a\" data-element_type=\"widget\" data-e-type=\"widget\" data-widget_type=\"heading.default\">\n\t\t\t\t<div class=\"elementor-widget-container\">\n\t\t\t\t\t<h2 class=\"elementor-heading-title elementor-size-default\">Et levende sentrum med flere muligheter \n<\/h2>\t\t\t\t<\/div>\n\t\t\t\t<\/div>\n\t\t\t\t<div class=\"elementor-element elementor-element-6d49dec elementor-widget__width-initial elementor-widget elementor-widget-text-editor\" data-id=\"6d49dec\" data-element_type=\"widget\" data-e-type=\"widget\" data-widget_type=\"text-editor.default\">\n\t\t\t\t<div class=\"elementor-widget-container\">\n\t\t\t\t\t\t\t\t\t<p>M\u00e5let med Klokkertunet er \u00e5 styrke Andebu sentrum gjennom et bredt spekter av funksjoner. Her vil det komme b\u00e5de handel, kontor, serveringssteder og ulike tjenestetilbud, i tillegg til boliger. Utbyggingen vil bidra til \u00f8kt aktivitet, et styrket servicetilbud og et st\u00f8rre befolkningsgrunnlag \u2013 noe som gj\u00f8r Andebu sentrum enda mer attraktivt.<\/p><p>Dette boligprosjektet gir deg muligheten til \u00e5 bo i et hjem med moderne standard i et trivelig nabolag; utsikt mot sentrum og frodig kuturlanskap, samt kort vei til alt du trenger i hverdagen. Her kan du senke skuldrene og nyte livet.<\/p>\t\t\t\t\t\t\t\t<\/div>\n\t\t\t\t<\/div>\n\t\t\t\t\t<\/div>\n\t\t<\/div>\n\t\t\t\t\t<\/div>\n\t\t<\/section>\n\t\t\t\t<section class=\"elementor-section elementor-top-section elementor-element elementor-element-60926dd1 elementor-section-boxed elementor-section-height-default elementor-section-height-default\" data-id=\"60926dd1\" data-element_type=\"section\" data-e-type=\"section\">\n\t\t\t\t\t\t<div class=\"elementor-container elementor-column-gap-default\">\n\t\t\t\t\t<div class=\"elementor-column elementor-col-100 elementor-top-column elementor-element elementor-element-7801e6b0\" data-id=\"7801e6b0\" data-element_type=\"column\" data-e-type=\"column\">\n\t\t\t<div class=\"elementor-widget-wrap elementor-element-populated\">\n\t\t\t\t\t\t<div class=\"elementor-element elementor-element-56574090 elementor-widget elementor-widget-gallery\" data-id=\"56574090\" data-element_type=\"widget\" data-e-type=\"widget\" data-settings=\"{&quot;gallery_layout&quot;:&quot;justified&quot;,&quot;ideal_row_height&quot;:{&quot;unit&quot;:&quot;px&quot;,&quot;size&quot;:&quot;400&quot;,&quot;sizes&quot;:[]},&quot;ideal_row_height_mobile&quot;:{&quot;unit&quot;:&quot;px&quot;,&quot;size&quot;:&quot;175&quot;,&quot;sizes&quot;:[]},&quot;gap&quot;:{&quot;unit&quot;:&quot;px&quot;,&quot;size&quot;:&quot;21&quot;,&quot;sizes&quot;:[]},&quot;lazyload&quot;:&quot;yes&quot;,&quot;ideal_row_height_tablet&quot;:{&quot;unit&quot;:&quot;px&quot;,&quot;size&quot;:150,&quot;sizes&quot;:[]},&quot;gap_tablet&quot;:{&quot;unit&quot;:&quot;px&quot;,&quot;size&quot;:10,&quot;sizes&quot;:[]},&quot;gap_mobile&quot;:{&quot;unit&quot;:&quot;px&quot;,&quot;size&quot;:10,&quot;sizes&quot;:[]},&quot;content_hover_animation&quot;:&quot;fade-in&quot;}\" data-widget_type=\"gallery.default\">\n\t\t\t\t<div class=\"elementor-widget-container\">\n\t\t\t\t\t\t\t<div class=\"elementor-gallery__container\">\n\t\t\t\t\t\t\t<div class=\"e-gallery-item elementor-gallery-item elementor-animated-content\">\n\t\t\t\t\t<div class=\"e-gallery-image elementor-gallery-item__image\" data-thumbnail=\"https:\/\/formateiendom.no\/klokkertunet\/wp-content\/uploads\/sites\/33\/2025\/02\/Dronefoto-fra-Kodalveien.jpg\" data-width=\"1022\" data-height=\"575\" aria-label=\"\" role=\"img\" ><\/div>\n\t\t\t\t\t\t\t\t\t\t\t\t\t\t<\/div>\n\t\t\t\t\t\t\t<div class=\"e-gallery-item elementor-gallery-item elementor-animated-content\">\n\t\t\t\t\t<div class=\"e-gallery-image elementor-gallery-item__image\" data-thumbnail=\"https:\/\/formateiendom.no\/klokkertunet\/wp-content\/uploads\/sites\/33\/2025\/02\/Dronefoto-med-markering.jpg\" data-width=\"1200\" data-height=\"675\" aria-label=\"\" role=\"img\" ><\/div>\n\t\t\t\t\t\t\t\t\t\t\t\t\t\t<\/div>\n\t\t\t\t\t<\/div>\n\t\t\t\t\t<\/div>\n\t\t\t\t<\/div>\n\t\t\t\t\t<\/div>\n\t\t<\/div>\n\t\t\t\t\t<\/div>\n\t\t<\/section>\n\t\t\t\t<\/div>\n\t\t","protected":false},"excerpt":{"rendered":"<p>Omr\u00e5det Klokkertunet &#8211; Andebu Sentrum Salget er i gang! Klokkertunet blir et helt nytt og spennende bolig- og n\u00e6ringsomr\u00e5de midt i hjertet av Andebu sentrum. Omkringliggende bebyggelse best\u00e5r av eneboliger, leiligheter, kontorer og forretninger. Kiwi, Meny, bibliotek, apotek, skole og omsorgssenter med kaf\u00e9 ligger i umiddelbar n\u00e6rhet.&nbsp; Med et tomteareal p\u00e5 26 m\u00e5l, regulert for [&hellip;]<\/p>\n","protected":false},"author":1,"featured_media":0,"parent":0,"menu_order":0,"comment_status":"closed","ping_status":"closed","template":"elementor_header_footer","meta":{"inline_featured_image":false,"footnotes":""},"class_list":["post-55","page","type-page","status-publish","hentry"],"yoast_head":"<!-- This site is optimized with the Yoast SEO plugin v26.9 - https:\/\/yoast.com\/product\/yoast-seo-wordpress\/ -->\n<title>Om prosjektet - Klokkertunet<\/title>\n<meta name=\"robots\" content=\"noindex, follow, max-snippet:-1, max-image-preview:large, max-video-preview:-1\" \/>\n<meta property=\"og:locale\" content=\"nb_NO\" \/>\n<meta property=\"og:type\" content=\"article\" \/>\n<meta property=\"og:title\" content=\"Om prosjektet - Klokkertunet\" \/>\n<meta property=\"og:description\" content=\"Omr\u00e5det Klokkertunet &#8211; Andebu Sentrum Salget er i gang! Klokkertunet blir et helt nytt og spennende bolig- og n\u00e6ringsomr\u00e5de midt i hjertet av Andebu sentrum. Omkringliggende bebyggelse best\u00e5r av eneboliger, leiligheter, kontorer og forretninger. Kiwi, Meny, bibliotek, apotek, skole og omsorgssenter med kaf\u00e9 ligger i umiddelbar n\u00e6rhet.&nbsp; Med et tomteareal p\u00e5 26 m\u00e5l, regulert for [&hellip;]\" \/>\n<meta property=\"og:url\" content=\"https:\/\/formateiendom.no\/klokkertunet\/om-prosjektet\/\" \/>\n<meta property=\"og:site_name\" content=\"Klokkertunet\" \/>\n<meta property=\"article:modified_time\" content=\"2025-04-03T08:12:07+00:00\" \/>\n<meta property=\"og:image\" content=\"https:\/\/formateiendom.no\/klokkertunet\/wp-content\/uploads\/sites\/33\/elementor\/thumbs\/Klokkertunet_EXT_01-scaled-r2ua7cwirendc30xjonjvknxlvw1g5wao7h1s59ktc.jpg\" \/>\n<meta name=\"twitter:card\" content=\"summary_large_image\" \/>\n<meta name=\"twitter:label1\" content=\"Ansl. lesetid\" \/>\n\t<meta name=\"twitter:data1\" content=\"2 minutter\" \/>\n<script type=\"application\/ld+json\" class=\"yoast-schema-graph\">{\"@context\":\"https:\/\/schema.org\",\"@graph\":[{\"@type\":\"WebPage\",\"@id\":\"https:\/\/formateiendom.no\/klokkertunet\/om-prosjektet\/\",\"url\":\"https:\/\/formateiendom.no\/klokkertunet\/om-prosjektet\/\",\"name\":\"Om prosjektet - Klokkertunet\",\"isPartOf\":{\"@id\":\"https:\/\/formateiendom.no\/klokkertunet\/#website\"},\"primaryImageOfPage\":{\"@id\":\"https:\/\/formateiendom.no\/klokkertunet\/om-prosjektet\/#primaryimage\"},\"image\":{\"@id\":\"https:\/\/formateiendom.no\/klokkertunet\/om-prosjektet\/#primaryimage\"},\"thumbnailUrl\":\"https:\/\/formateiendom.no\/klokkertunet\/wp-content\/uploads\/sites\/33\/elementor\/thumbs\/Klokkertunet_EXT_01-scaled-r2ua7cwirendc30xjonjvknxlvw1g5wao7h1s59ktc.jpg\",\"datePublished\":\"2025-01-19T11:43:14+00:00\",\"dateModified\":\"2025-04-03T08:12:07+00:00\",\"breadcrumb\":{\"@id\":\"https:\/\/formateiendom.no\/klokkertunet\/om-prosjektet\/#breadcrumb\"},\"inLanguage\":\"nb-NO\",\"potentialAction\":[{\"@type\":\"ReadAction\",\"target\":[\"https:\/\/formateiendom.no\/klokkertunet\/om-prosjektet\/\"]}]},{\"@type\":\"ImageObject\",\"inLanguage\":\"nb-NO\",\"@id\":\"https:\/\/formateiendom.no\/klokkertunet\/om-prosjektet\/#primaryimage\",\"url\":\"https:\/\/formateiendom.no\/klokkertunet\/wp-content\/uploads\/sites\/33\/elementor\/thumbs\/Klokkertunet_EXT_01-scaled-r2ua7cwirendc30xjonjvknxlvw1g5wao7h1s59ktc.jpg\",\"contentUrl\":\"https:\/\/formateiendom.no\/klokkertunet\/wp-content\/uploads\/sites\/33\/elementor\/thumbs\/Klokkertunet_EXT_01-scaled-r2ua7cwirendc30xjonjvknxlvw1g5wao7h1s59ktc.jpg\"},{\"@type\":\"BreadcrumbList\",\"@id\":\"https:\/\/formateiendom.no\/klokkertunet\/om-prosjektet\/#breadcrumb\",\"itemListElement\":[{\"@type\":\"ListItem\",\"position\":1,\"name\":\"Hjem\",\"item\":\"https:\/\/formateiendom.no\/klokkertunet\/\"},{\"@type\":\"ListItem\",\"position\":2,\"name\":\"Om prosjektet\"}]},{\"@type\":\"WebSite\",\"@id\":\"https:\/\/formateiendom.no\/klokkertunet\/#website\",\"url\":\"https:\/\/formateiendom.no\/klokkertunet\/\",\"name\":\"Klokkertunet\",\"description\":\"\",\"publisher\":{\"@id\":\"https:\/\/formateiendom.no\/klokkertunet\/#organization\"},\"potentialAction\":[{\"@type\":\"SearchAction\",\"target\":{\"@type\":\"EntryPoint\",\"urlTemplate\":\"https:\/\/formateiendom.no\/klokkertunet\/?s={search_term_string}\"},\"query-input\":{\"@type\":\"PropertyValueSpecification\",\"valueRequired\":true,\"valueName\":\"search_term_string\"}}],\"inLanguage\":\"nb-NO\"},{\"@type\":\"Organization\",\"@id\":\"https:\/\/formateiendom.no\/klokkertunet\/#organization\",\"name\":\"Klokkertunet\",\"url\":\"https:\/\/formateiendom.no\/klokkertunet\/\",\"logo\":{\"@type\":\"ImageObject\",\"inLanguage\":\"nb-NO\",\"@id\":\"https:\/\/formateiendom.no\/klokkertunet\/#\/schema\/logo\/image\/\",\"url\":\"https:\/\/formateiendom.no\/klokkertunet\/wp-content\/uploads\/sites\/33\/2025\/01\/klkokkertunet-350-x-100-px.png\",\"contentUrl\":\"https:\/\/formateiendom.no\/klokkertunet\/wp-content\/uploads\/sites\/33\/2025\/01\/klkokkertunet-350-x-100-px.png\",\"width\":350,\"height\":100,\"caption\":\"Klokkertunet\"},\"image\":{\"@id\":\"https:\/\/formateiendom.no\/klokkertunet\/#\/schema\/logo\/image\/\"}}]}<\/script>\n<!-- \/ Yoast SEO plugin. -->","yoast_head_json":{"title":"Om prosjektet - Klokkertunet","robots":{"index":"noindex","follow":"follow","max-snippet":"max-snippet:-1","max-image-preview":"max-image-preview:large","max-video-preview":"max-video-preview:-1"},"og_locale":"nb_NO","og_type":"article","og_title":"Om prosjektet - Klokkertunet","og_description":"Omr\u00e5det Klokkertunet &#8211; Andebu Sentrum Salget er i gang! Klokkertunet blir et helt nytt og spennende bolig- og n\u00e6ringsomr\u00e5de midt i hjertet av Andebu sentrum. Omkringliggende bebyggelse best\u00e5r av eneboliger, leiligheter, kontorer og forretninger. Kiwi, Meny, bibliotek, apotek, skole og omsorgssenter med kaf\u00e9 ligger i umiddelbar n\u00e6rhet.&nbsp; Med et tomteareal p\u00e5 26 m\u00e5l, regulert for [&hellip;]","og_url":"https:\/\/formateiendom.no\/klokkertunet\/om-prosjektet\/","og_site_name":"Klokkertunet","article_modified_time":"2025-04-03T08:12:07+00:00","og_image":[{"url":"https:\/\/formateiendom.no\/klokkertunet\/wp-content\/uploads\/sites\/33\/elementor\/thumbs\/Klokkertunet_EXT_01-scaled-r2ua7cwirendc30xjonjvknxlvw1g5wao7h1s59ktc.jpg","type":"","width":"","height":""}],"twitter_card":"summary_large_image","twitter_misc":{"Ansl. lesetid":"2 minutter"},"schema":{"@context":"https:\/\/schema.org","@graph":[{"@type":"WebPage","@id":"https:\/\/formateiendom.no\/klokkertunet\/om-prosjektet\/","url":"https:\/\/formateiendom.no\/klokkertunet\/om-prosjektet\/","name":"Om prosjektet - Klokkertunet","isPartOf":{"@id":"https:\/\/formateiendom.no\/klokkertunet\/#website"},"primaryImageOfPage":{"@id":"https:\/\/formateiendom.no\/klokkertunet\/om-prosjektet\/#primaryimage"},"image":{"@id":"https:\/\/formateiendom.no\/klokkertunet\/om-prosjektet\/#primaryimage"},"thumbnailUrl":"https:\/\/formateiendom.no\/klokkertunet\/wp-content\/uploads\/sites\/33\/elementor\/thumbs\/Klokkertunet_EXT_01-scaled-r2ua7cwirendc30xjonjvknxlvw1g5wao7h1s59ktc.jpg","datePublished":"2025-01-19T11:43:14+00:00","dateModified":"2025-04-03T08:12:07+00:00","breadcrumb":{"@id":"https:\/\/formateiendom.no\/klokkertunet\/om-prosjektet\/#breadcrumb"},"inLanguage":"nb-NO","potentialAction":[{"@type":"ReadAction","target":["https:\/\/formateiendom.no\/klokkertunet\/om-prosjektet\/"]}]},{"@type":"ImageObject","inLanguage":"nb-NO","@id":"https:\/\/formateiendom.no\/klokkertunet\/om-prosjektet\/#primaryimage","url":"https:\/\/formateiendom.no\/klokkertunet\/wp-content\/uploads\/sites\/33\/elementor\/thumbs\/Klokkertunet_EXT_01-scaled-r2ua7cwirendc30xjonjvknxlvw1g5wao7h1s59ktc.jpg","contentUrl":"https:\/\/formateiendom.no\/klokkertunet\/wp-content\/uploads\/sites\/33\/elementor\/thumbs\/Klokkertunet_EXT_01-scaled-r2ua7cwirendc30xjonjvknxlvw1g5wao7h1s59ktc.jpg"},{"@type":"BreadcrumbList","@id":"https:\/\/formateiendom.no\/klokkertunet\/om-prosjektet\/#breadcrumb","itemListElement":[{"@type":"ListItem","position":1,"name":"Hjem","item":"https:\/\/formateiendom.no\/klokkertunet\/"},{"@type":"ListItem","position":2,"name":"Om prosjektet"}]},{"@type":"WebSite","@id":"https:\/\/formateiendom.no\/klokkertunet\/#website","url":"https:\/\/formateiendom.no\/klokkertunet\/","name":"Klokkertunet","description":"","publisher":{"@id":"https:\/\/formateiendom.no\/klokkertunet\/#organization"},"potentialAction":[{"@type":"SearchAction","target":{"@type":"EntryPoint","urlTemplate":"https:\/\/formateiendom.no\/klokkertunet\/?s={search_term_string}"},"query-input":{"@type":"PropertyValueSpecification","valueRequired":true,"valueName":"search_term_string"}}],"inLanguage":"nb-NO"},{"@type":"Organization","@id":"https:\/\/formateiendom.no\/klokkertunet\/#organization","name":"Klokkertunet","url":"https:\/\/formateiendom.no\/klokkertunet\/","logo":{"@type":"ImageObject","inLanguage":"nb-NO","@id":"https:\/\/formateiendom.no\/klokkertunet\/#\/schema\/logo\/image\/","url":"https:\/\/formateiendom.no\/klokkertunet\/wp-content\/uploads\/sites\/33\/2025\/01\/klkokkertunet-350-x-100-px.png","contentUrl":"https:\/\/formateiendom.no\/klokkertunet\/wp-content\/uploads\/sites\/33\/2025\/01\/klkokkertunet-350-x-100-px.png","width":350,"height":100,"caption":"Klokkertunet"},"image":{"@id":"https:\/\/formateiendom.no\/klokkertunet\/#\/schema\/logo\/image\/"}}]}},"acf":[],"_links":{"self":[{"href":"https:\/\/formateiendom.no\/klokkertunet\/wp-json\/wp\/v2\/pages\/55","targetHints":{"allow":["GET"]}}],"collection":[{"href":"https:\/\/formateiendom.no\/klokkertunet\/wp-json\/wp\/v2\/pages"}],"about":[{"href":"https:\/\/formateiendom.no\/klokkertunet\/wp-json\/wp\/v2\/types\/page"}],"author":[{"embeddable":true,"href":"https:\/\/formateiendom.no\/klokkertunet\/wp-json\/wp\/v2\/users\/1"}],"replies":[{"embeddable":true,"href":"https:\/\/formateiendom.no\/klokkertunet\/wp-json\/wp\/v2\/comments?post=55"}],"version-history":[{"count":40,"href":"https:\/\/formateiendom.no\/klokkertunet\/wp-json\/wp\/v2\/pages\/55\/revisions"}],"predecessor-version":[{"id":464,"href":"https:\/\/formateiendom.no\/klokkertunet\/wp-json\/wp\/v2\/pages\/55\/revisions\/464"}],"wp:attachment":[{"href":"https:\/\/formateiendom.no\/klokkertunet\/wp-json\/wp\/v2\/media?parent=55"}],"curies":[{"name":"wp","href":"https:\/\/api.w.org\/{rel}","templated":true}]}}